35 - 11. What is the units digit of f?
4
Suppose -206*j + 4912662 = -5472770 + 3296560. What is the ten thousands digit of j?
3
Suppose 0 = -o - 5*s + 8815, -o + 0*o + 8865 = -5*s. Suppose -3*p + 1167 + 4167 = 3*f, -5*f - o = -5*p. What is the units digit of p?
3
Let z be 55/(-22)*(-4)/5. Suppose -233 = s - z*s - 2*k, 4*k = 4. What is the hundreds digit of s?
2
Suppose -427*n + 362*n = -594685. What is the thousands digit of n?
9
Let q be (-2)/(-2)*9/(-3). Let u be q*(-2)/(-6)*(0 - -5). What is the units digit of (-2 - -42) + -2 + (-7 - u)?
6
Let w(b) = 155*b**2 - 26*b - 216. What is the tens digit of w(-7)?
6
Let v(k) = -k**3 - 23*k**2 - 23*k - 21. Let o be v(-22). What is the tens digit of 17/(o/186*3)?
5
What is the ten thousands digit of (933/9 - 15)*(3 + 0 - -333)?
2
Let b(x) be the first derivative of x**4 + 2*x**3 + x**2/2 + 6*x - 1. Suppose -69 = 1241*f - 2525*f + 1261*f. What is the tens digit of b(f)?
7
Suppose h + 5*h = 348. Suppose h + 101 = -3*q. Let c = q + 140. What is the units digit of c?
7
Let h(w) = -819*w - 6. Let a be h(-4). Suppose -11*x + 16*x - a = 0. What is the tens digit of x?
5
Suppose 0 = 3*n + 33 - 39. Suppose n*m + 431 = -c, -c - 3 + 0 = 0. What is the tens digit of 14/7*m/(-4) - 0?
0
Let v = -29946 + 51635. What is the thousands digit of v?
1
Let k(s) be the third derivative of 0*s + 0*s**5 + 10*s**2 + 1/8*s**4 + 1/3*s**3 + 0 - 31/60*s**6. What is the units digit of k(-1)?
1
Suppose -5*b + 5*k + 263715 = 0, 0 = -12*b + 10*b - k + 105477. What is the units digit of b?
0
Suppose -13*i = 5*o - 14*i - 27248, -27254 = -5*o + 3*i. What is the tens digit of o?
4
Let r(u) = 2*u**3 + 69*u**2 - 668*u - 46. What is the thousands digit of r(-40)?
9
Let w = -80 + 132. Let z = -52 + w. Let p(y) = y + 86. What is the units digit of p(z)?
6
Let v be (2 - 2) + 3 + -3. Suppose v = 50*b - 21*b - 19111. What is the hundreds digit of b?
6
What is the thousands digit of (2 - -1)/((-4)/(-1964))?
1
Let l be (-20)/3*(-1)/(15/(-1224)). What is the units digit of (-2)/6 + l/(-12)?
5
Let x = -2843 + 9378. What is the hundreds digit of x?
5
Suppose -j = 3*h - 310, 2*h + 302 = 5*h + 5*j. Let t = h - 62. Suppose w = t + 67. What is the tens digit of w?
0
Let b(h) = -48*h - 68 - 142*h - 96 - 40 + 16*h. What is the hundreds digit of b(-6)?
8
Let f = 27127 - -434. What is the tens digit of f?
6
Suppose -5*t + t + t = 0. Suppose -23*i - 3*m = -22*i - 216, t = 2*m - 10. What is the hundreds digit of i?
2
Suppose 0 = k + 3*n - 69, k - 39 = 3*n + 48. Suppose 5*w - k = -w. Suppose 0 = -f + w*f - 924. What is the units digit of f?
7
Let q = 7027 + 3680. What is the hundreds digit of q?
7
Let k(t) = t**3 + 9*t**2 - 3*t - 12. Let c be k(-9). Let b(o) = 8034*o**3 + 15*o + 2*o**2 - 18*o**2 + 34 - 8033*o**3. What is the units digit of b(c)?
4
Let w(x) = 437*x**2 - 49*x - 115. What is the units digit of w(-3)?
5
Let n = 11 - 8. Suppose -n*u = -9 - 3. What is the units digit of (-6*2)/u + 20?
7
Let w(c) = -c**2 - 8*c - 13. Let f be w(-5). Suppose f*h + 217 = -4*v + 5*h, -5*h = 5*v + 280. Let g = 60 + v. What is the units digit of g?
5
Let g be (3/9)/((-1)/(-5397)). Suppose g - 10038 = -11*p. What is the tens digit of p?
4
Suppose 0 = -4*o - 3*t - 6, -1 = -2*o + 2*t + 3. Let v be 1/1*(50 - 45). Suppose -v*p = -o*p - 20. What is the units digit of p?
4
Let y(h) = -50 + 12*h**2 - h**3 + 92 - 12*h - 29. Let t be y(11). Let q(i) = 2*i**3 - 3*i**2 + 4*i + 2. What is the units digit of q(t)?
4
Suppose -34532 = -4*h + 29556. What is the ten thousands digit of h?
1
Let l be 1/((-7)/(0 - -7)). Let d(a) = -1984*a - 74. What is the units digit of d(l)?
0
Suppose 0 = -13*u + 8*u. Suppose 20 = -4*t - u. Let n(d) = -d**3 - 6*d**2 - 6*d + 2. What is the units digit of n(t)?
7
Let m(h) = -h**2 - 13*h + 19. Let q be m(-14). What is the tens digit of 20368/28 + q/(210/24)?
2
What is the ten thousands digit of 9/1 - 1 - 11173653/(-437)?
2
Let g = 100589 + -67881. What is the units digit of g?
8
Suppose 5*m = -5*m + 320. What is the units digit of 4584/m*(7 - 3)?
3
Let t = 259 - 241. What is the units digit of 312 - (t/(-24) - 26/8)?
6
Suppose 3*x - 3*j = -9, -x = 3*j - 1 - 8. Suppose x = -9*v - 22*v + 9083. What is the tens digit of v?
9
Let f = -263 + 184. Suppose -3*r - 41 = -p - 605, 0 = -r - p + 180. Let b = f + r. What is the hundreds digit of b?
1
Let x(q) = 17*q - 61. Let f(d) = -15*d - 2 - d**2 + 36*d - 12*d. Let r be f(5). What is the units digit of x(r)?
5
Suppose -4*l + 5*h + 31087 = 0, -4*l - 133*h + 31094 = -139*h. What is the thousands digit of l?
7
Let r = -69 - -70. Let v be (-2 - r - -17)/(2/3). Suppose 0 = -v*n + 10*n + 176. What is the tens digit of n?
1
Let w be 3/(-2)*-3*124/279. Suppose -4*t = -4*i + 996, t + w*i + i + 253 = 0. Let a = -87 - t. What is the tens digit of a?
6
Let t = 73 - -161. Let a(k) = -3 - 6*k + 6 - t*k + 1. What is the hundreds digit of a(-1)?
2
Suppose -4*b = -2*f - 30376, -2592 = -2*b - 5*f + 12620. What is the hundreds digit of b?
5
Suppose 0 = -w - 2*w - 5*g + 156, 2*w - 4*g = 82. Let a = w - 34. What is the units digit of a*(-1 + 2) + (-1 - 0)?
2
Let x be 28/(-84) + 21757/3 + -1. Suppose -x = -8*n - 2411. What is the units digit of n?
5
Let d(y) = 171*y**2 - y + 2. Let h be (-245)/(-105) + 8/(-6). What is the hundreds digit of d(h)?
1
Let r(t) = -6*t**3 - t**2 - t. Let g be r(-1). Let h = -41 - -27. What is the units digit of ((-21)/g + -3)*h?
1
Suppose 11*c - 464739 = 323390 + 19689. What is the hundreds digit of c?
4
Let o = -165 - -244. What is the hundreds digit of (0 - -4 - (-1 + 2))*o?
2
Let t be (108/(-144))/((-2)/8). What is the hundreds digit of 1971/t*-1*58/(-87)?
4
Suppose -2885 + 785 = -42*t. What is the units digit of (176/(-1))/(t/(-400))?
8
Let z(o) = -o + 1. Let w(b) = b - 44. Let n(u) = w(u) + 4*z(u). Let h = -53 + 31. What is the units digit of n(h)?
6
Let k(y) = 1944*y**2 - 39*y - 172. What is the tens digit of k(-4)?
8
Let a be (46/2 - -1)*7. Let n(y) = -7*y**2 + 91*y + 2. Let x be n(13). Suppose 2*l - 250 = 3*u, 0 = -x*l - 5*u + 66 + a. What is the units digit of l?
2
Suppose -16*j = -349 - 499. Let g = j + -49. Suppose 0 = -u + 4*r + 242, -g*u + 968 = r + r. What is the units digit of u?
2
Let o = -4335 - -8336. What is the tens digit of o?
0
Suppose -3*l + 6*l - 39 = 0. Let k(y) = 5*y - 24 + 12 - l*y - 16. What is the tens digit of k(-6)?
2
Suppose 0 = -2*h + 5*l + 10549, 13*h - 10570 = 11*h - 2*l. Suppose h = 16*s - 3022. What is the units digit of s?
9
What is the tens digit of 4/60 - (-10531292)/870?
0
Let s = -277 - -279. Suppose 1326 = 3*b - s*c, 1169 + 600 = 4*b - 3*c. What is the units digit of b?
0
Suppose -5*g + 2352 = 16*g. What is the tens digit of ((-60)/14)/((-2)/g)?
4
Let o = 21589 - -14840. What is the ten thousands digit of o?
3
Suppose -o - 16 + 13 = 0. Let d be ((-17)/(-2))/(o/(-114)). Let m = d + -157. What is the hundreds digit of m?
1
Let o(u) = 42*u**2 - 14*u - 3884. What is the tens digit of o(-38)?
9
Suppose 0 = -19*s + 22*s - 66. What is the hundreds digit of (s - 20) + (3 - 0) + 209?
2
Let w(k) = -160*k - 86. What is the units digit of w(-9)?
4
Let y = -8 + 12. Let j be ((-3)/27*-3)/(1/6). Suppose y*l = j*l + 186. What is the units digit of l?
3
Suppose 4*v = -v + 2525. Suppose 5*c - v = 1195. Suppose -c = -4*p - p. What is the tens digit of p?
6
Let u = -1247 - -9620. What is the units digit of u?
3
Suppose 0 = -s - f + 8, 3 = -3*f - 0. Suppose 4 = s*r + 22. What is the tens digit of 467/5 + (-1)/((-5)/r)?
9
Let g(d) = 2*d + 23. Let q be g(-10). Suppose 0 = -4*y + 4*t + 12, 5*t + q = 2*y - 0*y. Suppose -4*p + 444 = -y*n, -2*n = -n - 2. What is the units digit of p?
3
Suppose 10*y + 8 = 14*y. Let u be y - -6*((-40)/(-3))/(-4). Let h = 88 + u. What is the units digit of h?
0
Suppose 3*s = 2*s + 2*v - 16, -4*v = 4*s + 40. Let o be (s/(-30))/(-1 - (-656)/655). Suppose 323 = 5*j - o. What is the hundreds digit of j?
1
Let o(w) = 3945*w + 4810. What is the thousands digit of o(6)?
8
Let g be 64/(-14) + 48/84. What is the hundreds digit of (3/g)/((-8638)/4312 + 2)?
2
What is the ten thousands digit of (22/4)/(16*(-7)/(-1192576))?
5
Let d(i) = -i**2 + 6. Let x be d(2). Suppose 4*s = -x*y + 36, y - 10 = 5*s - 41. Suppose s*j = 6*j + 46. What is the units digit of j?
6
Let w = 8740 - 13